when 5 is divided by u?
2
Suppose u - 5*k = -8, -4*k + 73 = 4*u - 3*k. Let n = 11 + -7. Suppose -n*y + 2*v - 6 = -212, 93 = 2*y + v. Calculate the remainder when y is divided by u.
15
Let f = -2 + 0. Calculate the remainder when (f/(-5))/(2/60) is divided by 5.
2
Suppose 15*j = 6*j + 540. Suppose 5*o - 72 - 83 = 0. What is the remainder when j is divided by o?
29
Let w(l) = -l**3 - l**2 + 1. Let f be 1/(3 + (-16)/6). Suppose -4*j + f*m - 2 = -5, -2*j - 5*m = 5. What is the remainder when w(j) is divided by 1?
0
Let r = 77 - 2. Calculate the remainder when r is divided by 38.
37
Let k(t) = -2*t**3 - 3*t**2 + 2. Suppose 2*q = 5*q - 87. Let r = -12 + q. What is the remainder when r is divided by k(-2)?
5
Suppose -3*u = 2*u - 4*r - 28, u = -r + 11. What is the remainder when (-1*6)/((-4)/14) is divided by u?
5
Suppose 4*t + 16 = 4*p, -4*t - 19 = -0*p - 5*p. Let q(w) = -18*w - 2. What is the remainder when 45 is divided by q(t)?
13
Suppose 4*l - 129 = l. Calculate the remainder when l is divided by 22.
21
Let a(w) = w**3 + 14*w**2 + 9*w + 19. Calculate the remainder when a(-13) is divided by 12.
11
Let g = 5 - 2. Suppose -5*c = -g*r + 175, -5*r + 5*c - 152 = -437. What is the remainder when r is divided by 29?
26
Let k be ((-2)/3)/((-8)/1044). Let n = k - 40. Suppose m - 9 = -2*g + 9, -54 = -2*m + 2*g. Calculate the remainder when n is divided by m.
23
Suppose -v = v - 4*x + 2, 2*x - 10 = 0. Let p(s) = -7 - v*s**2 - 7*s + s**2 + s**2 - s**3 - 3*s. What is the remainder when p(-6) is divided by 6?
5
Suppose 3*n - 34 = -0*n + 2*q, -2*n = q - 25. Calculate the remainder when (0 + 23)/(2/4) is divided by n.
10
Suppose 5*m = -h - h + 6, 0 = -4*h + 2*m + 36. What is the remainder when h is divided by (6 - 0) + -4 + 1?
2
Suppose 3*q - 4*c = 66, 4*c - 6 = -q - 0*c. Suppose 5*u - q = 27. Let s(o) = 34*o**2 - o. Calculate the remainder when s(1) is divided by u.
6
Let p be (-5 - -3)*(-4)/8. What is the remainder when 33 is divided by p/(-2)*(-72)/2?
15
Let a = 34 + -24. What is the remainder when a is divided by 4?
2
Suppose j + 78 = -4*o + 6*o, -4*o = -4*j - 296. Let g = 99 + j. Calculate the remainder when g is divided by 8.
5
Let t(l) = -l**2 + l + 42. Suppose 0 = -4*x + x + r + 3, 5*r + 15 = -2*x. Let n(c) = -11*c. What is the remainder when t(x) is divided by n(-1)?
9
Let c be -1 + 1 - (-176)/(-2). Let a = -41 - c. What is the remainder when a is divided by 24?
23
Let g be (-6)/15 - 306/(-15). Suppose -2*f = -f - g. Let h(a) = -2*a - 1. Calculate the remainder when f is divided by h(-6).
9
Let t(p) = 14*p - 2. Let n = -25 - -39. What is the remainder when t(2) is divided by n?
12
What is the remainder when 4 + (-4 - 52/(-4)) is divided by 3?
1
Suppose -2*b - 309 = -5*j - 6*b, b - 256 = -4*j. What is the remainder when j is divided by 55*(3 + (-52)/20)?
21
Let l be (-8)/(-6)*(-12)/(-8). Suppose 0 = -2*o - l + 20. Calculate the remainder when 2*-4*(1 + -3) is divided by o.
7
Suppose 4*a - 415 - 331 = -3*l, l + a - 250 = 0. What is the remainder when l is divided by 15?
14
Let g(m) be the second derivative of m**5/20 + 7*m**4/12 + 2*m**3/3 - 3*m**2 - m. What is the remainder when g(-6) is divided by 3?
0
Suppose -4*n + 41 = 2*l - l, 3*l - 107 = 4*n. Suppose -2*u = -0*u - 26. Calculate the remainder when l is divided by u.
11
Suppose 4*f - 10 - 6 = 0. Calculate the remainder when 3 is divided by (4*f/16)/1.
0
What is the remainder when 446/16 + 2/16 is divided by 10?
8
Let n = -26 + 32. Suppose -4*l = -6*l + 8. What is the remainder when n is divided by l?
2
Let h(m) = m**2 - 7*m + 10. Calculate the remainder when 29 is divided by h(7).
9
Suppose 13*b + 35 = 5*y + 8*b, 0 = 4*b + 4. Let z(k) = 2*k**2 - 3*k - 4. Calculate the remainder when z(-3) is divided by y.
5
Suppose -t + 64 = -5*t. Let b = -3 - t. Let f(h) = h**3 - 7*h**2 + 4*h + 20. What is the remainder when b is divided by f(6)?
5
Suppose -166 = -a + v, a + v - 111 = 49. What is the remainder when a is divided by 41?
40
Suppose 2*v = 8*v - 78. Calculate the remainder when 38 is divided by v.
12
Let v = 17 + -9. Calculate the remainder when 14 is divided by v.
6
Suppose -5*t - 29 = -189. What is the remainder when 93 is divided by t?
29
Suppose 8*u - 3*u = -4*z + 81, 64 = 4*u + 4*z. What is the remainder when 186 is divided by u?
16
Suppose 0 = -2*d - w + 26, w = -5*d + 4*w + 43. What is the remainder when d is divided by 1 - -2 - (-12 + 8)?
4
Suppose 3*d - 90 = -m, 2*d + d - 90 = -5*m. What is the remainder when d is divided by 8?
6
Suppose 4 + 26 = 3*s. Let t(l) = l**2 - 12*l + 23. What is the remainder when 3 is divided by t(s)?
0
Suppose -2 + 4 = n. Suppose -3*m = n*m + 45. Let q = m - -45. Calculate the remainder when q is divided by 19.
17
Let h(c) = c**2 - 3*c + 2. Calculate the remainder when h(-7) is divided by 1*10*10/4.
22
Let l = -11 + 48. Suppose -43 - l = -5*j. Calculate the remainder when 60 is divided by j.
12
Suppose -4*o - 2*n = 10, -5*o - 4*n - 17 = -3. Let t = 3 - o. What is the remainder when t is divided by (-10)/(-3) - 1/3?
2
Calculate the remainder when (-4)/(-6) - (-7871)/51 is divided by 12.
11
Let m be 8/2 - (-4 + 2). Let l = -5 + m. Calculate the remainder when 39 is divided by (17 + 3)*l/2.
9
Let o = -5 + -52. Let g = -32 - o. Calculate the remainder when g is divided by 13.
12
Let d = 28 - -28. Let t(y) = -y**3 + 5*y**2 + 4*y - 1. Calculate the remainder when d is divided by t(5).
18
Let m be (-42 - 2)/(0 - 2). Suppose 0 = 3*d - 8 - m. Let j = 28 - 1. Calculate the remainder when j is divided by d.
7
Let x = 29 - -2. Calculate the remainder when 59 is divided by x.
28
Let v = -70 - 10. Let d(o) = 16*o + 5. What is the remainder when d(2) is divided by v/(-6) - 2/6?
11
Suppose -14*u = -5*u - 1431. What is the remainder when u is divided by 23?
21
Let d be 0 + 5/(10/6). Suppose -4 + 14 = 2*r. Suppose 4*f = 3*n - 47, 0 = -4*f - r - d. Calculate the remainder when 25 is divided by n.
12
Let r = 9 + 0. Let v be 8/(-3) + 6/r. Let o = v - -3. What is the remainder when 2 is divided by o?
0
Calculate the remainder when (23/2)/((-2)/(-12)) is divided by 24.
21
Suppose 2*k - 16 - 127 = -5*a, -3*a + 4*k = -91. Let h = a + 6. Calculate the remainder when h is divided by 18.
17
What is the remainder when (-24)/(-6) + 1/1 is divided by 3/(1*(2 - 1))?
2
Let n(m) = -m**3 - 3*m**2 - 5*m - 5. Let b be n(-4). Suppose 5*x = 3*x + 3*j + b, 2*j - 40 = -3*x. Calculate the remainder when 51 is divided by x.
9
Let m(d) = d - 1. Let a be m(11). Suppose 2*z = -3*z + a. What is the remainder when -3 + 1 + 1*6 is divided by z?
0
Let r(s) = s**3 - 5*s**2 + 5*s - 2. Suppose -3*v = v - x - 15, -x - 3 = -v. Calculate the remainder when r(v) is divided by 1.
0
Let v(r) = -r**2 - 11*r + 9. Calculate the remainder when v(-11) is divided by 3.
0
Suppose 4 = -g - 4*j, 2*g + j - 59 = -2*g. Calculate the remainder when 31 is divided by g.
15
Let u(z) = 9*z - 44. Let f(p) = -3*p + 15. Let l(t) = -17*f(t) - 6*u(t). Let h be l(6). Let g = -3 - h. Calculate the remainder when 22 is divided by g.
4
Let b = -17 - -25. Let t(p) = p**3 - 3*p**2 + 5*p - 2. What is the remainder when t(3) is divided by b?
5
Let k be (3 - 1)/(18/927). Suppose -3*a + k = -2*b, -4*a + 2*b + 33 = -3*a. What is the remainder when a is divided by 12?
11
Let q(s) = s**2 + s - 1. Let t be q(-3). Let d = 3 - t. Calculate the remainder when 61 is divided by 22 - d - (3 - 0).
19
Suppose -2*m + 22 = -m. What is the remainder when ((2 - 2) + 7)*5 is divided by m/2 + (-1 - -2)?
11
Let f(g) = g**2 - 3*g + 1. Calculate the remainder when 372/(-16)*(-16)/(-12)*-1 is divided by f(5).
9
Let k(g) = 94*g**2 - 8*g + 2. Calculate the remainder when k(1) is divided by 13.
10
Let u(v) = -v + 5. Let q = 5 - 10. Let c(y) = -17*y + 1. Calculate the remainder when c(-1) is divided by u(q).
8
Let r(k) = -k - 1. Let g be r(3). Calculate the remainder when -26*(-3 - 10/g) is divided by 5.
3
Calculate the remainder when 37 is divided by 3 + -1*-2*5.
11
Let k = 48 - 15. Let n = -74 - -92. What is the remainder when k is divided by n?
15
Let i(s) = -s**2 - 4*s + 0*s + 5*s**2 - 1. Let f be (-3)/(3 - 15/4). What is the remainder when i(f) is divided by 24?
23
Suppose -5*x - l - 6 = 13, 4*x - 8 = 5*l. Let d be (-8)/12*x/2. Suppose d + 2 = 3*u. Calculate the remainder w